{"id":353,"date":"2020-10-20T10:50:18","date_gmt":"2020-10-20T10:50:18","guid":{"rendered":"https:\/\/qi28.qodeinteractive.com\/?page_id=353"},"modified":"2023-12-14T19:47:29","modified_gmt":"2023-12-14T19:47:29","slug":"empresa","status":"publish","type":"page","link":"https:\/\/ramosgarcia.com.uy\/web\/empresa\/","title":{"rendered":"Empresa"},"content":{"rendered":"\t\t<div data-elementor-type=\"wp-page\" data-elementor-id=\"353\" class=\"elementor elementor-353\" data-elementor-post-type=\"page\">\n\t\t\t\t\t\t<section data-dce-background-image-url=\"https:\/\/ramosgarcia.com.uy\/web\/wp-content\/uploads\/2023\/11\/4_slide_ramos_2024.jpg\" class=\"elementor-section elementor-top-section elementor-element elementor-element-c405f1c elementor-section-full_width elementor-section-height-default elementor-section-height-default qodef-elementor-content-no\" data-id=\"c405f1c\" data-element_type=\"section\" data-e-type=\"section\" data-settings=\"{&quot;background_background&quot;:&quot;classic&quot;}\">\n\t\t\t\t\t\t<div class=\"elementor-container elementor-column-gap-default\">\n\t\t\t\t\t<div class=\"elementor-column elementor-col-100 elementor-top-column elementor-element elementor-element-0bf7b77\" data-id=\"0bf7b77\" data-element_type=\"column\" data-e-type=\"column\">\n\t\t\t<div class=\"elementor-widget-wrap elementor-element-populated\">\n\t\t\t\t\t\t<section class=\"elementor-section elementor-inner-section elementor-element elementor-element-fb4b763 elementor-section-boxed elementor-section-height-default elementor-section-height-default qodef-elementor-content-no\" data-id=\"fb4b763\" data-element_type=\"section\" data-e-type=\"section\">\n\t\t\t\t\t\t<div class=\"elementor-container elementor-column-gap-default\">\n\t\t\t\t\t<div class=\"elementor-column elementor-col-50 elementor-inner-column elementor-element elementor-element-0b28522\" data-id=\"0b28522\" data-element_type=\"column\" data-e-type=\"column\">\n\t\t\t<div class=\"elementor-widget-wrap elementor-element-populated\">\n\t\t\t\t\t\t<div class=\"elementor-element elementor-element-7fe4962 elementor-widget elementor-widget-heading\" data-id=\"7fe4962\" data-element_type=\"widget\" data-e-type=\"widget\" data-widget_type=\"heading.default\">\n\t\t\t\t<div class=\"elementor-widget-container\">\n\t\t\t\t\t<h1 class=\"elementor-heading-title elementor-size-default\">Nuestra empresa<\/h1>\t\t\t\t<\/div>\n\t\t\t\t<\/div>\n\t\t\t\t\t<\/div>\n\t\t<\/div>\n\t\t\t\t<div class=\"elementor-column elementor-col-50 elementor-inner-column elementor-element elementor-element-f3b50b5\" data-id=\"f3b50b5\" data-element_type=\"column\" data-e-type=\"column\">\n\t\t\t<div class=\"elementor-widget-wrap\">\n\t\t\t\t\t\t\t<\/div>\n\t\t<\/div>\n\t\t\t\t\t<\/div>\n\t\t<\/section>\n\t\t\t\t\t<\/div>\n\t\t<\/div>\n\t\t\t\t\t<\/div>\n\t\t<\/section>\n\t\t\t\t<section class=\"elementor-section elementor-top-section elementor-element elementor-element-821cbc6 qodef-elementor-content-grid elementor-section-boxed elementor-section-height-default elementor-section-height-default\" data-id=\"821cbc6\" data-element_type=\"section\" data-e-type=\"section\">\n\t\t\t\t\t\t<div class=\"elementor-container elementor-column-gap-default\">\n\t\t\t\t\t<div class=\"elementor-column elementor-col-100 elementor-top-column elementor-element elementor-element-4943856\" data-id=\"4943856\" data-element_type=\"column\" data-e-type=\"column\">\n\t\t\t<div class=\"elementor-widget-wrap elementor-element-populated\">\n\t\t\t\t\t\t<div class=\"elementor-element elementor-element-3cee5e1 elementor-widget__width-auto elementor-widget elementor-widget-qi_addons_for_elementor_section_title\" data-id=\"3cee5e1\" data-element_type=\"widget\" data-e-type=\"widget\" data-widget_type=\"qi_addons_for_elementor_section_title.default\">\n\t\t\t\t<div class=\"elementor-widget-container\">\n\t\t\t\t\t<div class=\"qodef-shortcode qodef-m qodef-qi-section-title qodef-decoration--italic qodef-link--underline-draw qodef-subtitle-icon--left\">\n\t\t\t\t<h6 class=\"qodef-m-subtitle\">\n\t\tNuestra empresa\t\t\t<\/h6>\n\t\t\t<h2 class=\"qodef-m-title\">\n\t\tQui\u00e9nes somos<br \/>\t<\/h2>\n\t\t\t<div class=\"qodef-m-text\"><p>Nuestra misi\u00f3n es\u00a0 llegar a todos aquellos clientes que necesitan la seriedad de la palabra as\u00ed como tambi\u00e9n un buen respaldo ofreci\u00e9ndoles un servicio integral\u00a0 soluciones de negocios eficientes, utilizando el potencial de nuestros recursos humanos.<\/p><p>La innovaci\u00f3n es una de las causales de nuestro liderazgo en cada una de las \u00e1reas en las cuales hemos trabajado a lo largo de nuestra historia. Alentamos a formar equipos humanos que piensen en forma no tradicional, aunque siempre respetando las reglas de nuestros clientes.<\/p><p>El dinamismo ha sido el motor que nos ha llevado a crecer en forma sostenida a lo largo de los a\u00f1os . Nuestros proyectos y mercados no se agotan con un trabajo espec\u00edfico, sino que existe una b\u00fasqueda sistem\u00e1tica de oportunidades y diferentes formas de crecimiento.<\/p><p>En cuanto a la creatividad, le damos una importancia \u00fanica, nuestra vocaci\u00f3n de servicio nos nace naturalmente, al entender que \u00e9sta es la fuerza que nos permite distinguirnos de nuestros competidores. El trabajo en equipo, la constante comunicaci\u00f3n con nuestros clientes, y la permanente actualizaci\u00f3n, son factores que nos han ayudado a encontrar soluciones creativas a problemas complejos, asistiendo de la mejor manera a aquellos que han confiado en nosotros .<\/p><p>Pero todo lo anterior no ser\u00eda v\u00e1lido sin contar con una respuesta en tiempos adecuados para las empresas.<\/p><p>En <a href=\"https:\/\/web.archive.org\/web\/20230128093435\/http:\/\/ramosgarcia.com.uy\/\" rel=\"alternate\">Ramos y Garc\u00eda<\/a> buscamos mantenernos siempre actualizados, con\u00a0 valores de trabajo, ya que entendemos que esto ayudar\u00e1 a nuestros clientes a obtener el m\u00e1ximo retorno de su inversi\u00f3n. Entendemos su negocio, conocemos\u00a0 y hablamos su mismo idioma.<\/p><p><strong><em>En los negocios agropecuarios, lo mejor siempre est\u00e1 por venir\u2026<\/em><\/strong><\/p><\/div>\n\t\t<div class=\"qodef-m-button qodef-qi-clear\">\n\t\t<a class=\"qodef-shortcode qodef-m qodef-qi-button qodef-html--link qodef-layout--textual qodef-type--standard qodef-icon--right qodef-hover--icon-move-vertical\" href=\"\" target=\"_self\">\t<span class=\"qodef-m-text\"><\/span>\t\t<span class=\"qodef-m-icon\">\t\t<span class=\"qodef-m-icon-inner\">\t\t\t<svg xmlns=\"http:\/\/www.w3.org\/2000\/svg\" viewbox=\"0 0 9 9\" style=\"stroke: transparent;\"><path d=\"M.5,1.15A.59.59,0,0,1,.52,1,.23.23,0,0,1,.62.89.19.19,0,0,1,.73.8a.4.4,0,0,1,.15,0H4.63a.36.36,0,0,1,.26.11A.33.33,0,0,1,5,1.15a.33.33,0,0,1-.11.27.35.35,0,0,1-.26.1H1.79l7.59,7.6a.31.31,0,0,1,.12.26.3.3,0,0,1-.12.25.3.3,0,0,1-.51,0L1.25,2.06V4.89a.33.33,0,0,1-.11.27.35.35,0,0,1-.26.1.36.36,0,0,1-.27-.1A.37.37,0,0,1,.5,4.89Z\" transform=\"translate(-0.5 -0.77)\"><\/path><\/svg>\t\t\t\t\t\t\t<svg xmlns=\"http:\/\/www.w3.org\/2000\/svg\" viewbox=\"0 0 9 9\" style=\"stroke: transparent;\"><path d=\"M.5,1.15A.59.59,0,0,1,.52,1,.23.23,0,0,1,.62.89.19.19,0,0,1,.73.8a.4.4,0,0,1,.15,0H4.63a.36.36,0,0,1,.26.11A.33.33,0,0,1,5,1.15a.33.33,0,0,1-.11.27.35.35,0,0,1-.26.1H1.79l7.59,7.6a.31.31,0,0,1,.12.26.3.3,0,0,1-.12.25.3.3,0,0,1-.51,0L1.25,2.06V4.89a.33.33,0,0,1-.11.27.35.35,0,0,1-.26.1.36.36,0,0,1-.27-.1A.37.37,0,0,1,.5,4.89Z\" transform=\"translate(-0.5 -0.77)\"><\/path><\/svg>\t\t\t\t\t<\/span>\t<\/span><\/a>\t<\/div>\n<\/div>\n\t\t\t\t<\/div>\n\t\t\t\t<\/div>\n\t\t\t\t\t<\/div>\n\t\t<\/div>\n\t\t\t\t\t<\/div>\n\t\t<\/section>\n\t\t\t\t<section data-dce-background-image-url=\"https:\/\/ramosgarcia.com.uy\/web\/wp-content\/uploads\/2020\/10\/back-img-1.png\" class=\"elementor-section elementor-top-section elementor-element elementor-element-2a06fe0 elementor-section-content-middle elementor-section-boxed elementor-section-height-default elementor-section-height-default qodef-elementor-content-no\" data-id=\"2a06fe0\" data-element_type=\"section\" data-e-type=\"section\" data-settings=\"{&quot;background_background&quot;:&quot;classic&quot;}\">\n\t\t\t\t\t\t<div class=\"elementor-container elementor-column-gap-default\">\n\t\t\t\t\t<div class=\"elementor-column elementor-col-100 elementor-top-column elementor-element elementor-element-319b4d9\" data-id=\"319b4d9\" data-element_type=\"column\" data-e-type=\"column\">\n\t\t\t<div class=\"elementor-widget-wrap elementor-element-populated\">\n\t\t\t\t\t\t<div class=\"elementor-element elementor-element-1cfe637 elementor-widget elementor-widget-qi_addons_for_elementor_image_gallery\" data-id=\"1cfe637\" data-element_type=\"widget\" data-e-type=\"widget\" data-widget_type=\"qi_addons_for_elementor_image_gallery.default\">\n\t\t\t\t<div class=\"elementor-widget-container\">\n\t\t\t\t\t<div class=\"qodef-shortcode qodef-m qodef-qi-image-gallery qodef-qi-fslightbox-popup qodef-popup-gallery qodef-image--hover-zoom qodef-qi-grid qodef-layout--qi-columns qodef-col-num--4 qodef-responsive--predefined\">\n\t<div class=\"qodef-grid-inner\">\n\t\t<div class=\"qodef-e qodef-image-wrapper qodef-grid-item\">\n\t<div class=\"qodef-e-inner\">\n\t\t\t\t\t<a class=\"qodef-popup-item\" itemprop=\"image\" href=\"https:\/\/ramosgarcia.com.uy\/web\/wp-content\/uploads\/2023\/11\/JVM_0306.jpg\" data-type=\"image\" data-fslightbox=\"gallery-229\">\n\t\t\t\t\t<img fetchpriority=\"high\" decoding=\"async\" width=\"800\" height=\"533\" src=\"https:\/\/ramosgarcia.com.uy\/web\/wp-content\/uploads\/2023\/11\/JVM_0306.jpg\" class=\"attachment-full size-full\" alt=\"\" srcset=\"https:\/\/ramosgarcia.com.uy\/web\/wp-content\/uploads\/2023\/11\/JVM_0306.jpg 800w, https:\/\/ramosgarcia.com.uy\/web\/wp-content\/uploads\/2023\/11\/JVM_0306-300x200.jpg 300w, https:\/\/ramosgarcia.com.uy\/web\/wp-content\/uploads\/2023\/11\/JVM_0306-768x512.jpg 768w\" sizes=\"(max-width: 800px) 100vw, 800px\" \/>\t\t\t\t\t<\/a>\n\t\t\t<\/div>\n<\/div>\n<div class=\"qodef-e qodef-image-wrapper qodef-grid-item\">\n\t<div class=\"qodef-e-inner\">\n\t\t\t\t\t<a class=\"qodef-popup-item\" itemprop=\"image\" href=\"https:\/\/ramosgarcia.com.uy\/web\/wp-content\/uploads\/2023\/11\/JVM_0253.jpg\" data-type=\"image\" data-fslightbox=\"gallery-229\">\n\t\t\t\t\t<img decoding=\"async\" width=\"800\" height=\"533\" src=\"https:\/\/ramosgarcia.com.uy\/web\/wp-content\/uploads\/2023\/11\/JVM_0253.jpg\" class=\"attachment-full size-full\" alt=\"\" srcset=\"https:\/\/ramosgarcia.com.uy\/web\/wp-content\/uploads\/2023\/11\/JVM_0253.jpg 800w, https:\/\/ramosgarcia.com.uy\/web\/wp-content\/uploads\/2023\/11\/JVM_0253-300x200.jpg 300w, https:\/\/ramosgarcia.com.uy\/web\/wp-content\/uploads\/2023\/11\/JVM_0253-768x512.jpg 768w\" sizes=\"(max-width: 800px) 100vw, 800px\" \/>\t\t\t\t\t<\/a>\n\t\t\t<\/div>\n<\/div>\n<div class=\"qodef-e qodef-image-wrapper qodef-grid-item\">\n\t<div class=\"qodef-e-inner\">\n\t\t\t\t\t<a class=\"qodef-popup-item\" itemprop=\"image\" href=\"https:\/\/ramosgarcia.com.uy\/web\/wp-content\/uploads\/2023\/11\/JVM_0196.jpg\" data-type=\"image\" data-fslightbox=\"gallery-229\">\n\t\t\t\t\t<img decoding=\"async\" width=\"800\" height=\"533\" src=\"https:\/\/ramosgarcia.com.uy\/web\/wp-content\/uploads\/2023\/11\/JVM_0196.jpg\" class=\"attachment-full size-full\" alt=\"\" srcset=\"https:\/\/ramosgarcia.com.uy\/web\/wp-content\/uploads\/2023\/11\/JVM_0196.jpg 800w, https:\/\/ramosgarcia.com.uy\/web\/wp-content\/uploads\/2023\/11\/JVM_0196-300x200.jpg 300w, https:\/\/ramosgarcia.com.uy\/web\/wp-content\/uploads\/2023\/11\/JVM_0196-768x512.jpg 768w\" sizes=\"(max-width: 800px) 100vw, 800px\" \/>\t\t\t\t\t<\/a>\n\t\t\t<\/div>\n<\/div>\n<div class=\"qodef-e qodef-image-wrapper qodef-grid-item\">\n\t<div class=\"qodef-e-inner\">\n\t\t\t\t\t<a class=\"qodef-popup-item\" itemprop=\"image\" href=\"https:\/\/ramosgarcia.com.uy\/web\/wp-content\/uploads\/2023\/11\/JVM_0130.jpg\" data-type=\"image\" data-fslightbox=\"gallery-229\">\n\t\t\t\t\t<img loading=\"lazy\" decoding=\"async\" width=\"800\" height=\"533\" src=\"https:\/\/ramosgarcia.com.uy\/web\/wp-content\/uploads\/2023\/11\/JVM_0130.jpg\" class=\"attachment-full size-full\" alt=\"\" srcset=\"https:\/\/ramosgarcia.com.uy\/web\/wp-content\/uploads\/2023\/11\/JVM_0130.jpg 800w, https:\/\/ramosgarcia.com.uy\/web\/wp-content\/uploads\/2023\/11\/JVM_0130-300x200.jpg 300w, https:\/\/ramosgarcia.com.uy\/web\/wp-content\/uploads\/2023\/11\/JVM_0130-768x512.jpg 768w\" sizes=\"(max-width: 800px) 100vw, 800px\" \/>\t\t\t\t\t<\/a>\n\t\t\t<\/div>\n<\/div>\n<div class=\"qodef-e qodef-image-wrapper qodef-grid-item\">\n\t<div class=\"qodef-e-inner\">\n\t\t\t\t\t<a class=\"qodef-popup-item\" itemprop=\"image\" href=\"https:\/\/ramosgarcia.com.uy\/web\/wp-content\/uploads\/2023\/11\/JVM_0165.jpg\" data-type=\"image\" data-fslightbox=\"gallery-229\">\n\t\t\t\t\t<img loading=\"lazy\" decoding=\"async\" width=\"800\" height=\"533\" src=\"https:\/\/ramosgarcia.com.uy\/web\/wp-content\/uploads\/2023\/11\/JVM_0165.jpg\" class=\"attachment-full size-full\" alt=\"\" srcset=\"https:\/\/ramosgarcia.com.uy\/web\/wp-content\/uploads\/2023\/11\/JVM_0165.jpg 800w, https:\/\/ramosgarcia.com.uy\/web\/wp-content\/uploads\/2023\/11\/JVM_0165-300x200.jpg 300w, https:\/\/ramosgarcia.com.uy\/web\/wp-content\/uploads\/2023\/11\/JVM_0165-768x512.jpg 768w\" sizes=\"(max-width: 800px) 100vw, 800px\" \/>\t\t\t\t\t<\/a>\n\t\t\t<\/div>\n<\/div>\n<div class=\"qodef-e qodef-image-wrapper qodef-grid-item\">\n\t<div class=\"qodef-e-inner\">\n\t\t\t\t\t<a class=\"qodef-popup-item\" itemprop=\"image\" href=\"https:\/\/ramosgarcia.com.uy\/web\/wp-content\/uploads\/2023\/11\/JVM_0342.jpg\" data-type=\"image\" data-fslightbox=\"gallery-229\">\n\t\t\t\t\t<img loading=\"lazy\" decoding=\"async\" width=\"800\" height=\"533\" src=\"https:\/\/ramosgarcia.com.uy\/web\/wp-content\/uploads\/2023\/11\/JVM_0342.jpg\" class=\"attachment-full size-full\" alt=\"\" srcset=\"https:\/\/ramosgarcia.com.uy\/web\/wp-content\/uploads\/2023\/11\/JVM_0342.jpg 800w, https:\/\/ramosgarcia.com.uy\/web\/wp-content\/uploads\/2023\/11\/JVM_0342-300x200.jpg 300w, https:\/\/ramosgarcia.com.uy\/web\/wp-content\/uploads\/2023\/11\/JVM_0342-768x512.jpg 768w\" sizes=\"(max-width: 800px) 100vw, 800px\" \/>\t\t\t\t\t<\/a>\n\t\t\t<\/div>\n<\/div>\n<div class=\"qodef-e qodef-image-wrapper qodef-grid-item\">\n\t<div class=\"qodef-e-inner\">\n\t\t\t\t\t<a class=\"qodef-popup-item\" itemprop=\"image\" href=\"https:\/\/ramosgarcia.com.uy\/web\/wp-content\/uploads\/2023\/11\/JVM_0246.jpg\" data-type=\"image\" data-fslightbox=\"gallery-229\">\n\t\t\t\t\t<img loading=\"lazy\" decoding=\"async\" width=\"800\" height=\"533\" src=\"https:\/\/ramosgarcia.com.uy\/web\/wp-content\/uploads\/2023\/11\/JVM_0246.jpg\" class=\"attachment-full size-full\" alt=\"\" srcset=\"https:\/\/ramosgarcia.com.uy\/web\/wp-content\/uploads\/2023\/11\/JVM_0246.jpg 800w, https:\/\/ramosgarcia.com.uy\/web\/wp-content\/uploads\/2023\/11\/JVM_0246-300x200.jpg 300w, https:\/\/ramosgarcia.com.uy\/web\/wp-content\/uploads\/2023\/11\/JVM_0246-768x512.jpg 768w\" sizes=\"(max-width: 800px) 100vw, 800px\" \/>\t\t\t\t\t<\/a>\n\t\t\t<\/div>\n<\/div>\n<div class=\"qodef-e qodef-image-wrapper qodef-grid-item\">\n\t<div class=\"qodef-e-inner\">\n\t\t\t\t\t<a class=\"qodef-popup-item\" itemprop=\"image\" href=\"https:\/\/ramosgarcia.com.uy\/web\/wp-content\/uploads\/2023\/11\/JVM_0367.jpg\" data-type=\"image\" data-fslightbox=\"gallery-229\">\n\t\t\t\t\t<img loading=\"lazy\" decoding=\"async\" width=\"800\" height=\"533\" src=\"https:\/\/ramosgarcia.com.uy\/web\/wp-content\/uploads\/2023\/11\/JVM_0367.jpg\" class=\"attachment-full size-full\" alt=\"\" srcset=\"https:\/\/ramosgarcia.com.uy\/web\/wp-content\/uploads\/2023\/11\/JVM_0367.jpg 800w, https:\/\/ramosgarcia.com.uy\/web\/wp-content\/uploads\/2023\/11\/JVM_0367-300x200.jpg 300w, https:\/\/ramosgarcia.com.uy\/web\/wp-content\/uploads\/2023\/11\/JVM_0367-768x512.jpg 768w\" sizes=\"(max-width: 800px) 100vw, 800px\" \/>\t\t\t\t\t<\/a>\n\t\t\t<\/div>\n<\/div>\n\t<\/div>\n<\/div>\n\t\t\t\t<\/div>\n\t\t\t\t<\/div>\n\t\t\t\t\t<\/div>\n\t\t<\/div>\n\t\t\t\t\t<\/div>\n\t\t<\/section>\n\t\t\t\t<\/div>\n\t\t","protected":false},"excerpt":{"rendered":"<p>Nuestra empresa Nuestra empresa Qui\u00e9nes somos Nuestra misi\u00f3n es\u00a0 llegar a todos aquellos clientes que necesitan la seriedad de la palabra as\u00ed como tambi\u00e9n un buen respaldo ofreci\u00e9ndoles un servicio integral\u00a0 soluciones de negocios eficientes, utilizando el potencial de nuestros recursos humanos. La innovaci\u00f3n es una de las causales de nuestro liderazgo en cada una [&hellip;]<\/p>\n","protected":false},"author":2,"featured_media":0,"parent":0,"menu_order":0,"comment_status":"closed","ping_status":"closed","template":"qi-full-width.php","meta":{"_acf_changed":false,"content-type":"","_exactmetrics_skip_tracking":false,"_exactmetrics_sitenote_active":false,"_exactmetrics_sitenote_note":"","_exactmetrics_sitenote_category":0,"footnotes":""},"class_list":["post-353","page","type-page","status-publish","hentry"],"acf":[],"_links":{"self":[{"href":"https:\/\/ramosgarcia.com.uy\/web\/wp-json\/wp\/v2\/pages\/353","targetHints":{"allow":["GET"]}}],"collection":[{"href":"https:\/\/ramosgarcia.com.uy\/web\/wp-json\/wp\/v2\/pages"}],"about":[{"href":"https:\/\/ramosgarcia.com.uy\/web\/wp-json\/wp\/v2\/types\/page"}],"author":[{"embeddable":true,"href":"https:\/\/ramosgarcia.com.uy\/web\/wp-json\/wp\/v2\/users\/2"}],"replies":[{"embeddable":true,"href":"https:\/\/ramosgarcia.com.uy\/web\/wp-json\/wp\/v2\/comments?post=353"}],"version-history":[{"count":52,"href":"https:\/\/ramosgarcia.com.uy\/web\/wp-json\/wp\/v2\/pages\/353\/revisions"}],"predecessor-version":[{"id":2899,"href":"https:\/\/ramosgarcia.com.uy\/web\/wp-json\/wp\/v2\/pages\/353\/revisions\/2899"}],"wp:attachment":[{"href":"https:\/\/ramosgarcia.com.uy\/web\/wp-json\/wp\/v2\/media?parent=353"}],"curies":[{"name":"wp","href":"https:\/\/api.w.org\/{rel}","templated":true}]}}